ime factors of z.
41
Let c = 489 + -471. What are the prime factors of c?
2, 3
Suppose 0 = 11*n - 32 - 12. List the prime factors of 231 + n + 0 + -5.
2, 5, 23
Suppose -20*s + 5*f = -23*s + 10395, -4*f = -12. List the prime factors of s.
2, 5, 173
List the prime factors of (272/(-24))/(7/(693/(-6))).
11, 17
Suppose 0 = 27*x + 4*x - 40424. What are the prime factors of x?
2, 163
Let s = -1 - -6. Suppose -3*v - 16 = s*n, 5 + 7 = 4*v. Let u(f) = -f**3 - 5*f**2 - 3*f. What are the prime factors of u(n)?
3, 5
What are the prime factors of (-2 + 3)*(3863 + (-44)/11)?
17, 227
Suppose -76 - 76 = -j. Suppose -4*m = 2*k - 130, j = 5*m - 3*k + 2*k. List the prime factors of m.
31
Let j be 2/1 + 1 - (0 - 0). Suppose -d - 2 = 0, j*d + 0*d + 230 = 4*c. List the prime factors of c.
2, 7
Let i = 404 + -154. List the prime factors of i.
2, 5
Let q = -952 + 1514. What are the prime factors of q?
2, 281
Suppose 0 = -22*t + 19*t + 378. What are the prime factors of t?
2, 3, 7
Let r(t) = t**2 + 4*t + 3. Let c be (-3 - 0) + -2 + 0. Let s be r(c). Let d(w) = 4*w - 8. List the prime factors of d(s).
2, 3
Suppose 18*w - 4*w - 33684 = 0. List the prime factors of w.
2, 3, 401
Let d(p) = p**2 - 11*p - 16. Let r be d(12). What are the prime factors of (-150)/(r*2/4)?
3, 5
Suppose -1 - 3 = -2*o. Let p be -2 - (-3 + -30 + -1). Suppose o*g - p - 15 = 3*i, -4*g + 2*i = -74. What are the prime factors of g?
2
List the prime factors of 387 - (4/10 + 308/(-70)).
17, 23
Suppose 8*f = -936 - 1568. Let y = -109 - f. What are the prime factors of y?
2, 3, 17
List the prime factors of 45444/72 - (-1)/(-6).
631
Let h(k) = -4*k**3 + 7*k**2 + 51*k - 7. List the prime factors of h(-10).
47, 89
What are the prime factors of (1 - 340655/(-63)) + (-10)/45?
2, 13
Let u be 18/24 + (-17)/(-4). Suppose u*z - 10*z = -15. Let h(k) = k + 2. List the prime factors of h(z).
5
Let u(d) = d**2 - 8*d + 5. Let j be u(8). Suppose 15 = 3*t + q, -t + j*q = 4*t - 45. Suppose 0 = t*l - 5*l - 19. List the prime factors of l.
19
Let y be ((-18)/9)/((-2)/12). Let b = -10 + y. Suppose -q - a = 4*q - 70, -b*q - 4*a = -28. List the prime factors of q.
2, 7
Suppose -254 = -3*x + 5*k, -4*x + 328 = 2*k - 6*k. Let g = x + -70. List the prime factors of g.
2
Suppose -g = -2*g + 25. Let w = g - 21. Suppose w*o - 37 = 111. List the prime factors of o.
37
Let x(m) = m**3 - 2*m**2 - 17*m + 3. List the prime factors of x(7).
3, 43
Suppose 0 = -7*b + 5*b + 5*v + 233, -5*b - 4*v = -500. Let g = 122 - b. What are the prime factors of g?
2, 3
Let j(c) = 1408*c + 7. What are the prime factors of j(1)?
5, 283
Suppose -8*l + 12 = -2*l. Suppose 0 = 3*f - 6, -2*b + 7*b - 186 = l*f. What are the prime factors of b?
2, 19
Suppose -q + 16 = 3*q + 3*z, 2*z = 8. Let o(r) = 184*r - 3. What are the prime factors of o(q)?
181
Let t(g) = g**3 + 8*g**2 - 12*g - 4. Let x = -26 + 17. Let p be t(x). Let v = -14 + p. List the prime factors of v.
3
Let t be 60/105 - (-34)/14. Suppose -7*j - 593 = -3*d - 5*j, -t*j = -15. What are the prime factors of d?
3, 67
Let h(l) = -2*l - 5 + 30*l**2 + 1 + 5. List the prime factors of h(1).
29
Let g(o) = 4*o**3. Let h be g(-1). Let f = 1 - h. Suppose -4*l - a = -121 + 5, -5*l = -f*a - 145. What are the prime factors of l?
29
Let b = 5710 - 1757. What are the prime factors of b?
59, 67
Let s be -76 + (1 - 5 - 1). List the prime factors of 11/(33/(-45))*s/5.
3
Suppose -5*c + 6 = -3*c. Let d = 11 + -7. Suppose -3*y + 34 = -s, -c*y - d*s + 22 = -2*s. What are the prime factors of y?
2, 5
Let k = -17 - -19. Suppose -m = 3*m + k*t + 10, 4*t = -20. Let l(s) = -s**2 - 2*s + 2. List the prime factors of l(m).
2
Suppose -7*i + 60 = 5*i. Let y(q) = 10*q + 21. What are the prime factors of y(i)?
71
Suppose -2*r + 99*o - 97*o = -4578, 9156 = 4*r + 5*o. List the prime factors of r.
3, 7, 109
Suppose -10*w + 13 = -7. Suppose 746 = 4*s - 2*a, -a + 943 = 3*s + w*s. List the prime factors of s.
2, 47
Let m = 52 - -14. What are the prime factors of (m - 0)*(-4)/(-12)?
2, 11
Let c be (-2335)/(-4) + ((-78)/(-24))/13. Suppose -a + 9*a = c. List the prime factors of a.
73
Suppose v + 3*h + 1659 = 6*v, 3*v - 4*h = 991. List the prime factors of v.
3, 37
Let f be (-5)/(60/(-328)) + 4/6. Suppose -n + 4*u = -f, -u - 97 = -n - 3*n. What are the prime factors of n?
2, 3
Let o(w) = 4*w**3 + 10 - 5*w**3 - 8*w**2 + 25*w - 1 - 26*w. List the prime factors of o(-9).
3, 11
Suppose -34*s = -31*s + 45. Let w = s + 72. List the prime factors of w.
3, 19
Suppose -5*p - 2*p = 0. Suppose 1080 + 21 = 3*k - 5*f, p = -f + 3. Suppose k = 5*l + 4*g, -l - g = -2*l + 78. List the prime factors of l.
2, 19
Let j(w) = 23*w**2 + 14*w - 1. Let v be j(3). Let t be (-5 + 1)*(-4)/2. List the prime factors of v/t + 2/1.
3, 11
Let x be ((-36)/42)/((-1)/7). Let z be (-6 - 8)*9/x. Let q = z + 39. What are the prime factors of q?
2, 3
What are the prime factors of 18669/5 + 24/120?
2, 1867
Suppose x + 2*m + 6 = -0, -m = 3*x - 2. Suppose 2*h - x*l + 4*l + 40 = 0, 0 = -2*h + l - 34. List the prime factors of (0 - -4)/(-4) - h.
17
Let p = 134 - 104. Suppose -p + 221 = k. What are the prime factors of k?
191
Let t(c) = -c**3 - c**2 + c - 64. Let l be t(0). Let i = -35 - l. List the prime factors of i.
29
Suppose 1454 = 2*u - g, 2*u + 2181 = 5*u + 5*g. What are the prime factors of u?
727
Let n = 6 - 5. Suppose 3*g - 83 = n. What are the prime factors of g?
2, 7
Suppose -14 = -j - 2*v + 3*v, 2*v + 66 = 4*j. List the prime factors of j.
19
Let v be 2/(-6) - 4/(-3). Let m = v + 2. Let k(f) = 5*f + 3. List the prime factors of k(m).
2, 3
Suppose 12 = 4*l + 48. Let r(y) = -y - 7. Let a be r(l). Suppose -4*i - 5 = -c - 7*i, -5*c = -a*i - 8. What are the prime factors of c?
2
Suppose 2*t = 2*m + 448, 0*m + 924 = 4*t + 3*m. List the prime factors of t.
2, 3, 19
Let t(r) = -4*r**3 - r**2 - 4*r - 5. Let k(o) = -o. Let w(c) = c - 5. Let i be w(7). Let j be k(i). What are the prime factors of t(j)?
31
Suppose 2*p - 5*d - 1544 = 0, 7*p - 5*p - 4*d - 1540 = 0. What are the prime factors of p?
2, 3, 127
Let x = -326 - -158. Let h = x - -261. List the prime factors of h.
3, 31
Suppose -8832 = -4*a - l + 10888, -3*l - 24667 = -5*a. List the prime factors of a.
4931
Let d(q) = q. Let l be d(5). Let a(n) be the third derivative of -n**5/60 + 3*n**4/8 - 5*n**3/6 + 188*n**2. List the prime factors of a(l).
3, 5
Let j(i) = i + 4. Let y be j(0). Suppose 2*d - 2*g + 2 = -8, -y*g + 2 = 5*d. List the prime factors of ((-14)/(-4))/(d/(-16)).
2, 7
Let u(b) = b**2 - 21*b + 37. List the prime factors of u(26).
167
Suppose 4*f + 728 = 5*f. Suppose 4*a = -5*p + f, -4*a + 79 = 2*p - 217. List the prime factors of p.
2, 3
Suppose 6*z - 2459 = -479. Suppose 106*f - z = 104*f. What are the prime factors of f?
3, 5, 11
Let g = -578 + 845. What are the prime factors of g?
3, 89
Let y(k) = -2 - 4*k + 8*k - 3*k. Let n be y(0). List the prime factors of (n/8)/(3/(-708)).
59
Suppose -4189 = -54*t - 517. What are the prime factors of t?
2, 17
Suppose -2*i - 3*f - 2 = 0, -2*i - 5*f = 2*i. Suppose -i*l - 833 = -2*y - 2*y, 2*y + l - 413 = 0. What are the prime factors of y?
3, 23
What are the prime factors of (-3*314)/(-10 - (-112)/12)?
3, 157
Let i be 3/12*2*8. Suppose c + 0 = -n - 6, c + i*n + 6 = 0. What are the prime factors of 3/(c/(-14))*3?
3, 7
Let q be 1103/13 + 4/26. Suppose -3*j = 2*j - q. What are the prime factors of j?
17
Suppose -2*p - 11 + 1 = -2*j, 0 = -j - 2*p + 2. Let z be j - 1 - 8/(-2). Let t = 19 - z. What are the prime factors of t?
2, 3
Let t = 399 - -554. List the prime factors of t.
953
Let k = -166 + 149. Let c = 274 - k. What are the prime factors of c?
3, 97
Let o = 45 - 69. Let n = 30 + o. What are the prime factors of n?
2, 3
Suppose 19770 = 38*c - 8*c. List the prime factors of c.
659
Suppose 5*v + 4*d + d - 15 = 0, 3*d + 26 = 4*v. Suppose -6*x + v*x + 5 = 0. Suppose 9*g - 64 = x*g. What are the prime factors of g?
2
Suppose -2165 = -8*a + 2963. Suppose -5*m + 3*q + 639 = 4*q, -a = -5*m + q. What are the prime factors of m?
2
Let v(d) = 191*d - 18. What are the prime factors of v(3)?
3, 5, 37
Let j(y) = 5*y**2 - y. Let a be j(1). Suppose 0 = -4*n + a*z - z + 279, 0 = -3*n - z + 206. What are the prime factors of n?
3, 23
Let d(m) = 2*m**2 - 33*m - 17. List the prime factors of d(29